what is -1031 - 313624?
-314655
In base 2, what is 11000111110111101 - 10000010?
11000111100111011
In base 12, what is ba210 + -285?
b9b47
In base 8, what is 26777 + -242?
26535
In base 6, what is 1 - 10411005?
-10411004
In base 12, what is -850b9 + -679?
-85776
In base 4, what is -201112032030 - 223?
-201112032313
In base 15, what is 1481d8b + -4?
1481d87
In base 11, what is -32371 + 351a?
-29952
In base 13, what is -4 + -551574c?
-5515753
In base 13, what is ba0b3b - 3?
ba0b38
In base 2, what is -10000001010000111 - -1111001?
-10000001000001110
In base 4, what is 223311123 + 11?
223311200
In base 15, what is c6088 - 4e5?
c5a93
In base 11, what is 109 - -8359?
8467
In base 12, what is 16a891 + -2?
16a88b
In base 10, what is 974030 - 2?
974028
In base 5, what is -1021144310 + -2?
-1021144312
In base 5, what is 1432 - 2101444?
-2100012
In base 10, what is -22 - -1893140?
1893118
In base 6, what is -31411411 - 21?
-31411432
In base 8, what is 26036711 - 24?
26036665
In base 2, what is -11111 + 1001010111011110010?
1001010111011010011
In base 15, what is 485d + 170?
49cd
In base 3, what is 110010212111 + -111020?
110010101021
In base 8, what is -403300 - 524?
-404024
In base 5, what is -101 + 11133213?
11133112
In base 2, what is -101110110011100110 + -10000100?
-101110110101101010
In base 5, what is -1311341201 - -3?
-1311341143
In base 12, what is 1b0868 - -9?
1b0875
In base 10, what is -47 - -115899?
115852
In base 15, what is -13 + -458483?
-458496
In base 11, what is 5 + 3a186885?
3a18688a
In base 11, what is -4 + -52493?
-52497
In base 3, what is 121221012100111 + -2?
121221012100102
In base 4, what is -12031223201320 - 3?
-12031223201323
In base 13, what is -4 - 2a96b?
-2a972
In base 4, what is -13323202020 - 23?
-13323202103
In base 6, what is -234213453 + -5?
-234213502
In base 7, what is 4442550 + 141?
4443021
In base 15, what is 2988ab - -6?
2988b2
In base 10, what is -102187944 + -3?
-102187947
In base 6, what is 52453554 - -23?
52454021
In base 7, what is -4 + 250045530?
250045523
In base 11, what is -5a951912 + -1?
-5a951913
In base 12, what is -39354313 + -a?
-39354321
In base 16, what is -32f + 8a5d?
872e
In base 4, what is 3321 + -1222221?
-1212300
In base 15, what is -130 + -322e5?
-32425
In base 11, what is -827977 + -a?
-827986
In base 9, what is 256710 + 6531?
264341
In base 11, what is 218a00a6 + 9?
218a0104
In base 10, what is 41915 - -88?
42003
In base 13, what is 371 - 8b77?
-8806
In base 14, what is -18c3b9d8 + 1?
-18c3b9d7
In base 12, what is 80b96 - 9a4?
801b2
In base 6, what is 201412510 + 31?
201412541
In base 14, what is -2 + 1b455d?
1b455b
In base 4, what is 10213211231 + 112?
10213212003
In base 14, what is -14966cd - 3?
-14966d2
In base 5, what is -212 - -124201?
123434
In base 3, what is -102012000 - -1122011022?
1012222022
In base 9, what is 50486422 + 4?
50486426
In base 11, what is -159 + -519a9?
-52057
In base 8, what is -441722075 - 0?
-441722075
In base 8, what is -153260 - 263?
-153543
In base 7, what is 21515 - -334045?
355563
In base 14, what is 200a6 - 87?
2001d
In base 10, what is -53908459 - -2?
-53908457
In base 16, what is -1 - -114a00f?
114a00e
In base 4, what is -1130211111 + 3?
-1130211102
In base 9, what is -6725 - -673?
-6042
In base 10, what is -158 + -18506?
-18664
In base 5, what is -41340 + -11031404?
-11123244
In base 16, what is -ce04a + -7?
-ce051
In base 2, what is -10011011010100 - -10110011000?
-10000100111100
In base 11, what is 30926 + -849?
30088
In base 16, what is -3 - 5e3f23?
-5e3f26
In base 2, what is -11011001011000000000 + 100001?
-11011001010111011111
In base 4, what is 1301 + 110121321?
110123222
In base 15, what is -b5 - -11602?
1153c
In base 15, what is -1e4ec67 - -3?
-1e4ec64
In base 7, what is 222 + 21524161?
21524413
In base 15, what is -1592 - -2642?
10a0
In base 9, what is 438003 + -2028?
435864
In base 12, what is 4 - 4080054a?
-40800546
In base 3, what is 1011012022101100 + 2?
1011012022101102
In base 14, what is -7475 + -98a2?
-12d37
In base 5, what is -1220 + -10200211?
-10201431
In base 8, what is 2037 - -61745?
64004
In base 4, what is 20222 + 3221303?
3302131
In base 11, what is -2 - 72a769?
-72a770
In base 8, what is -25 + -24115734?
-24115761
In base 6, what is 13003 - -22402?
35405
In base 6, what is 0 + -203025413?
-203025413
In base 12, what is -5779 + 30325?
26768
In base 2, what is 10101100010100100 - -10110100111?
10101111001001011
In base 6, what is -5044 - 30023?
-35111
In base 12, what is -b60a16 + 66?
-b60970
In base 8, what is -177 + -702714?
-703113
In base 6, what is 5 - -10254332303?
10254332312
In base 7, what is 314154 - 12144?
302010
In base 5, what is 2010111 - -110?
2010221
In base 14, what is 4 - -3446bc?
3446c2
In base 8, what is -1065475 - -250?
-1065225
In base 11, what is -8 + -9478742?
-947874a
In base 11, what is 69860a9 - -5?
6986103
In base 7, what is -1065 + -22550?
-23645
In base 7, what is -462322026 - 2?
-462322031
In base 15, what is ec000c1 - 1?
ec000c0
In base 6, what is 200 + 1313013424?
1313014024
In base 12, what is 108 - -2174?
2280
In base 7, what is -543046 + -115?
-543164
In base 2, what is -100100 + -1110101011011110111011?
-1110101011011111011111
In base 12, what is 2a8530 + 3?
2a8533
In base 14, what is 0 - -107c938?
107c938
In base 13, what is -5c8 - -a295?
999a
In base 7, what is 1435632 - -452?
1436414
In base 6, what is 2 + 3312320115?
3312320121
In base 7, what is 10 + 245553403?
245553413
In base 7, what is -1 + 60141506?
60141505
In base 10, what is -22854 - 134?
-22988
In base 14, what is -48 - a20d45?
-a20d8d
In base 5, what is 23221411 - 103?
23221303
In base 13, what is 17624 - -23b?
17862
In base 14, what is -cb2c + -946?
-d674
In base 14, what is 2567 + -1980?
9c7
In base 16, what is 6d6f - -e0?
6e4f
In base 15, what is -281a64 - 0?
-281a64
In base 6, what is 133413 - 22432?
110541
In base 4, what is 1012 - 2223322010?
-2223320332
In base 11, what is 3 - 1451210?
-1451208
In base 4, what is 11030131112 - -230?
11030132002
In base 7, what is -155345 - 1363?
-160041
In base 11, what is -56 - a10836?
-a10891
In base 12, what is -3848 - 1b658?
-232a4
In base 5, what is -13104 - 330114403?
-330133012
In base 9, what is -58831 + 36?
-58784
In base 6, what is -3255152210 + 10?
-3255152200
In base 11, what is 6668 - -6a7?
7264
In base 14, what is 2bc16 - -60?
2bc76
In base 12, what is -851113 - -123?
-850bb0
In base 13, what is 66724 - 6c?
66685
In base 3, what is -120101012 - -212022221?
21221202
In base 3, what is -2111210202102 - -11102?
-2111210121000
In base 8, what is -10166 + -150573?
-160761
In base 14, what is -414bd + 1c0?
-412dd
In base 15, what is -d317d8 - -3?
-d317d5
In base 14, what is -3 - 58516a?
-58516d
In base 5, what is 4 + -221344020121?
-221344020112
In base 3, what is -1011000212011 - 2201?
-1011000221212
In base 10, what is -154 + -80282?
-80436
In base 15, what is -13122 + 874?
-1279d
In base 5, what is -1343401321 + -122?
-1343401443
In base 8, what is 100105731 - 5?
100105724
In base 3, what is 100202220012020121 + 12?
100202220012020210
In base 5, what is 114 - 100301030?
-100300411
In base 13, what is -363 - -1b9b8?
1b655
In base 9, what is 45 - -5331474?
5331530
In base 3, what is 102210022211 + -2?
102210022202
In base 12, what is -6469198 + -2?
-646919a
In base 13, what is -136a1 + 46ba?
-bcb4
In base 15, what is 1002 + 4bd0?
5bd2
In base 15, what is -3262643 - 5?
-3262648
In base 8, what is 11 + 135045102?
135045113
In base 2, what is -10001010110011 + 100010001000011?
10000110010000
In base 16, what is -18ba8 + -12c?
-18cd4
In base 9, what is 251357 - 4?
251353
In base 6, what is -11 + 3452021051?
3452021040
In base 7, what is -555455335 + -22?
-555455360
In base 10, what is 25 - -6702?
6727
In base 11, what is 4 - -1071167?
1071170
In base 11, what is 11293870 + -42?
11293829
In base 8, what is -4507515 + -122?
-4507637
In base 13, what is -10c860 - a?
-10c86a
In base 13, what is -33ab0 + 1827?
-32286
In base 3, what is 102120 - -2221121222110?
2221122102000
In base 5, what is -21324 - 2101200?
-2123024
In base 3, what is 21001011220112 + -1?
21001011220111
In base 10, what is -4 + -3296090?
-3296094
In base 2, what is 1001001101110101101101 - 0?
1001001101110101101101